factors of o(m).
2, 3, 11
Let w(r) = 11*r**2 + 58*r + 17. List the prime factors of w(-8).
257
Let d = 2466 + -513. What are the prime factors of d?
3, 7, 31
Suppose 3*o + 4*c + 59 = 0, 0*c - 79 = 5*o - 3*c. Let k(t) = -3*t - 4. List the prime factors of k(o).
47
Suppose -23*b + 17*b + 18 = 0. List the prime factors of -262*(b - 14*(-1)/(-4)).
131
Let h(b) = 12*b - 4. Let n(p) = 1. Let t(z) = h(z) + 5*n(z). Suppose x + 3*d + 0*d = 7, 2*d = x + 3. What are the prime factors of t(x)?
13
Suppose -6*r = -3*r. Suppose r = -5*u - t + 385, -3*u - 99 = -t - 330. What are the prime factors of 453/7 + 22/u?
5, 13
Let m(n) = -n**3 - 4*n**2 + 18*n + 78. List the prime factors of m(-12).
2, 3, 13
Suppose 2*t + 5*p - 18 = 0, p - 20 = -3*t - 3*p. Suppose -5*b = -0*n + 3*n - 595, -5*n + 489 = t*b. What are the prime factors of b?
2, 29
Suppose 99*r + 1684 = 101*r. What are the prime factors of r?
2, 421
Suppose 5*a + 6 = 2*i + 3, 0 = i + 4*a - 21. What are the prime factors of i/(-2)*(-120)/18?
2, 3, 5
Let n = -14 + 18. Let h be (2/(-6))/(n/(-36)). Suppose -h*l + 1 + 50 = 0. What are the prime factors of l?
17
Let y be (-2)/7 - 552/(-21). Suppose 0 = 2*m, c + 1 = -4*m + y. List the prime factors of c.
5
Suppose 2*p = -0*x - 3*x - 24, 5*x = 4*p - 62. Let q = x - -10. Suppose 2*j - 19 + 5 = q. List the prime factors of j.
7
Suppose 15*g - 2768 = 9562. List the prime factors of g.
2, 3, 137
Let j = 762 - 348. List the prime factors of j.
2, 3, 23
Let r = 183 - 45. Suppose -3*n - 4*q = q - 111, r = 3*n - 4*q. What are the prime factors of n?
2, 3, 7
Suppose 3*u - 48 = -0. Let f = 123 + u. What are the prime factors of f?
139
Let o = -3 - -16. Suppose -o*t + 9*t = -336. List the prime factors of t.
2, 3, 7
Suppose 28*r = 49*r - 58590. List the prime factors of r.
2, 3, 5, 31
Let f = -272 + 270. Let o(w) be the first derivative of -3*w**4/2 + w**2 - 1. What are the prime factors of o(f)?
2, 11
Suppose 19*c - 24382 - 68699 = 0. What are the prime factors of c?
3, 23, 71
Let t(r) = -r + 19 + r**2 + 5*r - 26 + r. List the prime factors of t(-9).
29
Suppose -9*m = -11*m - 178. Let c = -53 - m. List the prime factors of c.
2, 3
Suppose p - 2*l - 2453 = 0, 0 = -5*p + 5*l - l + 12259. What are the prime factors of p?
3, 19, 43
Suppose -s = -4*i - 9 - 13, -4*s + i = -13. Suppose m + 2 = -s. What are the prime factors of -2 + 1 + m + 52?
47
Suppose 42 = -12*f + 9*f. Let z = -15 + 15. List the prime factors of (1 + z)/(f/(-574)).
41
Suppose 2*h + 8 = v - 1, 2*v = 3*h + 15. Let l(a) = -2*a**v - 53 - a - 9*a**2 + 53 - 9*a. List the prime factors of l(-5).
3, 5
Let t(z) = -6*z - 4. Let k be t(-2). Let h be (k - 2)*(-34)/3. Let x = 131 + h. List the prime factors of x.
3, 7
Suppose -v - 2*v = 0. Suppose -g = -v*g + 16. List the prime factors of (-3)/4 - 300/g.
2, 3
Let w(p) = -p**2 - 104*p - 128. What are the prime factors of w(-40)?
2, 19
Let y(q) = -q**2 + 3*q + 6. Let x be y(4). Suppose 0 = -4*o + x*r + 310, 243 = o + 2*o - 5*r. What are the prime factors of o?
2, 19
Let h(i) = 30 - 30*i**2 - 29*i**2 + 61*i**2 + 12*i. List the prime factors of h(-9).
2, 3, 7
List the prime factors of (15759/(-18))/((-2)/8 + 0).
2, 17, 103
Let p = 254 - -450. List the prime factors of p.
2, 11
Let t = 89 + -20. List the prime factors of t.
3, 23
Let s(j) = j**3 + 6*j**2 - 7*j + 1. Let z be s(-7). Suppose z = 2*q - 9. Suppose -4*k + 28 = -3*b - 19, 3*b = -q*k + 25. List the prime factors of k.
2
Let l = 74 - 22. Suppose -3*x + 335 + l = 0. What are the prime factors of x?
3, 43
Suppose -9*u + 10*u = 6. Suppose u*l - 126 = 4*l. What are the prime factors of l?
3, 7
Suppose 3*s + 31 + 20 = 3*t, 3*t + 3 = 0. Let p = s - -39. List the prime factors of p.
3, 7
Suppose 12762 + 1998 = 40*i. List the prime factors of i.
3, 41
Let u(g) = -g**3 - 2*g**2 - 5*g - 4. Let n be u(-3). Let r = n + -16. Suppose -r*p = 17 - 57. List the prime factors of p.
2, 5
Suppose 5*k - 201 + 676 = -s, 2*s = k - 895. List the prime factors of -1 + (11/(-22))/(1/s).
2, 7
Let p(g) = 16*g + 232. What are the prime factors of p(18)?
2, 5, 13
Let r(n) = 28*n + 18. Suppose -8*u = -4*u - 5*m + 4, -m = -3*u + 8. List the prime factors of r(u).
2, 5, 13
Suppose 2*c - 2 = -4. What are the prime factors of -2*(c - 62/4)?
3, 11
What are the prime factors of ((-80242)/159)/(2/(-15))?
5, 757
Let a(m) = -20*m + 463. What are the prime factors of a(-42)?
1303
Let g be 7 - (-1 - 9/(-3)). Suppose -25 = g*d, 2*o - 3*d = -0*d + 21. Suppose -o*u + 96 = -0*u. What are the prime factors of u?
2
Let y(u) = -6*u**3 - 7*u**2 + 7*u + 5. Let z be y(-4). Suppose 4*s - z = 303. What are the prime factors of s?
2, 3, 23
Let k be -2 - -3 - -2 - -53. What are the prime factors of (-1 - 3/(-2))*k?
2, 7
Suppose 155 + 373 = 4*r. Suppose q - r + 550 = 4*o, 0 = -2*o + 4*q + 202. List the prime factors of o.
3, 5, 7
Suppose -2*t = -7 + 3. Let k = -147 + 220. Suppose -3*a = f + t*f - 174, -a - 4*f = -k. List the prime factors of a.
53
Suppose -2*n - y - 269 = 0, 431 = -3*n - y + 5*y. Let g = 265 + n. What are the prime factors of g?
2
Let i be 12/2 + 3 + -6. Let j be 148 + (12/(-4))/1. Suppose r + 0*k - 17 = -i*k, j = 5*r - 5*k. What are the prime factors of r?
2, 13
Suppose 402 = 2*o - 176. Suppose 4*x - b = 790, 4*b - o - 313 = -3*x. Suppose 288 = 5*n - q, 72 + x = 5*n + 5*q. What are the prime factors of n?
3, 19
Let d be 1*(-430)/(-4) + 12/8. Let b = d - 58. List the prime factors of b.
3, 17
Let b be 1/2 + (-46)/(-4). Suppose 4*q - b = -2*q. What are the prime factors of q?
2
Suppose 4*x - 25 + 9 = 0. List the prime factors of (-2)/9 - x*8187/(-108).
3, 101
What are the prime factors of (162/(-45))/((-8)/1180)?
3, 59
Suppose -18*m - 204 = -22*m. List the prime factors of m.
3, 17
Let c = -9 - -15. Let w = 8 - c. Let v(a) = 3*a**3 - a**2 + 2*a - 1. What are the prime factors of v(w)?
23
Let o(y) = y**2 - 5*y + 31. Let u be o(13). Suppose u = -21*w + 24*w. List the prime factors of w.
3, 5
Let z(o) = 2*o**3 - 14*o**2 + 5*o + 24. List the prime factors of z(10).
2, 337
Let r be (-296)/(-10)*20/8. Suppose 0 = 2*v - 2*m + 70, 3*v + 3*m + r = -1. Let g = 11 - v. List the prime factors of g.
41
Let m = -26 - -50. Suppose 0 = -5*i + 244 - m. What are the prime factors of i?
2, 11
Let f(k) = -5*k**2 - 31*k + 27. Let l(t) = 3*t**2 + 16*t - 14. Let p(i) = -4*f(i) - 7*l(i). Let y be p(7). Let s = -9 + y. What are the prime factors of s?
2
Let o = -698 + 1007. Let l = o + -53. What are the prime factors of l?
2
Let x = 10128 + -5961. What are the prime factors of x?
3, 463
Let p(l) = 3*l**2 + 4*l + 3. Let k be 49/(-21) - 1/(-3). Let b be p(k). Suppose 3*w + b = -h, 6 = -h + 3*h + 2*w. What are the prime factors of h?
2
Suppose -49 = -7*d - 0*d. Suppose 5*y - d*y + 172 = 0. What are the prime factors of y?
2, 43
List the prime factors of (6 + (-1 - (-27)/5))*360.
2, 3, 13
Suppose -5*b = 3*r + 5, -5*b - 26 = -b - 2*r. List the prime factors of ((-6)/b)/(515/128 - 4).
2
Let b = 291 - -454. List the prime factors of b.
5, 149
Suppose -l + 11 = -2*o - 0, o = 2*l - 13. Suppose z + 575 = l*d - 0*z, -z + 337 = 3*d. What are the prime factors of d?
2, 3, 19
Let p(d) be the first derivative of d**3/3 - 5*d**2 - 3*d - 1. Let w = 101 + -89. What are the prime factors of p(w)?
3, 7
Suppose -11 = -n - 0*n - 4*a, a - 3 = 0. Let t be (1 - (-1 - n)) + 3. Let i(p) = -p**3 + 4*p**2 + 2*p + 5. What are the prime factors of i(t)?
13
Let u(b) = 11*b - 162. List the prime factors of u(31).
179
Let y = 104 + -100. List the prime factors of -58*(-21)/18*(y + -1).
7, 29
Let c be (6/5)/((-34)/(-85)). What are the prime factors of 9 - c/((-3)/(-4))?
5
Let y(z) = 7*z + 10*z - 16*z - 1 + 7. Let l be y(10). Let v = l - -24. List the prime factors of v.
2, 5
Suppose -h + 160 = -k, -4*k - 55 = 4*h + 569. Let x = 246 + k. List the prime factors of x.
2, 11
What are the prime factors of (-8)/10*(1 + 694/(-4))?
2, 3, 23
Suppose 23 = 2*l + 3. Let d(n) = 4*n**3 - 12 - 7 - n**3 - 11*n**2 - 2*n**3 + 16*n. What are the prime factors of d(l)?
41
Let m(i) be the second derivative of i**5/20 + 11*i**4/12 + 7*i**3/3 - 9*i**2/2 + 7*i. List the prime factors of m(-7).
89
Let n(b) = 2*b**3 + 1. Suppose 3*a = -3*v + 42, 5*v - a + 13 - 77 = 0. Suppose -4*o + v = -3*k - 0*o, k + 5*o - 21 = 0. What are the prime fact